240 and 582?
6
Calculate the greatest common divisor of 1263 and 939.
3
Calculate the highest common factor of 11978 and 14464.
226
What is the greatest common divisor of 253 and 2461?
23
What is the highest common divisor of 84 and 282888?
12
Calculate the greatest common factor of 8426 and 7271.
11
What is the greatest common factor of 2814 and 1793322?
402
What is the greatest common factor of 6073650 and 550?
550
Calculate the highest common divisor of 91250 and 1898.
146
Calculate the greatest common divisor of 32625 and 1719.
9
What is the greatest common divisor of 1442 and 1232?
14
What is the greatest common divisor of 42479 and 3573?
397
Calculate the greatest common factor of 876123 and 1998.
999
Calculate the highest common factor of 342287 and 3663.
407
Calculate the highest common divisor of 35966 and 3670.
734
What is the greatest common divisor of 82 and 913644?
82
What is the greatest common factor of 19 and 181507?
19
What is the highest common factor of 222 and 396714?
222
What is the greatest common factor of 70 and 2863595?
35
Calculate the highest common factor of 13374 and 188.
2
Calculate the highest common divisor of 1512 and 7.
7
What is the greatest common factor of 128 and 81376?
32
What is the greatest common factor of 2 and 828622?
2
Calculate the greatest common factor of 88228 and 137.
137
Calculate the greatest common factor of 1505699 and 39.
13
What is the greatest common divisor of 285 and 200545?
95
What is the highest common divisor of 2524188 and 1140?
228
What is the greatest common divisor of 2739 and 24123?
33
What is the highest common divisor of 12348 and 210?
42
Calculate the greatest common divisor of 117351 and 7956.
1989
Calculate the greatest common divisor of 123592 and 21.
7
What is the highest common divisor of 1215 and 6205005?
1215
What is the greatest common factor of 6 and 548392?
2
What is the highest common factor of 12 and 9532518?
6
Calculate the greatest common divisor of 114763 and 77.
11
Calculate the greatest common divisor of 1562415 and 45.
15
Calculate the highest common divisor of 133 and 848407.
133
Calculate the greatest common divisor of 24 and 85368.
24
What is the highest common factor of 44332 and 52?
4
What is the greatest common divisor of 314 and 125129?
157
Calculate the highest common divisor of 21 and 32977.
7
Calculate the highest common divisor of 79369 and 1668.
139
Calculate the greatest common divisor of 105 and 136745.
35
What is the highest common divisor of 102543 and 2793?
399
What is the highest common divisor of 108392 and 561?
17
What is the highest common divisor of 5565 and 810?
15
What is the greatest common divisor of 144 and 114528?
48
Calculate the greatest common divisor of 36078 and 525.
21
What is the greatest common divisor of 11624 and 12?
4
Calculate the greatest common divisor of 837 and 63178.
31
What is the greatest common factor of 1026 and 142956?
342
Calculate the highest common factor of 714 and 123182.
34
Calculate the greatest common divisor of 119 and 113509.
17
What is the greatest common divisor of 308390 and 10?
10
Calculate the highest common divisor of 267 and 88199.
89
Calculate the highest common divisor of 9114 and 13965.
147
Calculate the highest common divisor of 44575 and 23179.
1783
Calculate the greatest common divisor of 203497 and 98.
49
What is the highest common factor of 359852 and 4?
4
Calculate the highest common divisor of 325612 and 84.
28
Calculate the greatest common divisor of 6 and 158982.
6
Calculate the highest common factor of 10962 and 51968.
406
Calculate the highest common divisor of 396 and 4191.
33
Calculate the greatest common factor of 155 and 2985145.
155
What is the greatest common factor of 57002 and 110?
22
What is the greatest common factor of 25944 and 36984?
552
What is the greatest common divisor of 77 and 343?
7
What is the greatest common divisor of 1375 and 13850?
25
What is the highest common divisor of 8372 and 3311?
7
Calculate the highest common factor of 9784521 and 1179.
1179
What is the highest common factor of 17823 and 3289?
13
What is the highest common divisor of 2497 and 5335?
11
What is the highest common divisor of 1300 and 6850?
50
Calculate the highest common factor of 4647 and 111.
3
What is the highest common factor of 310 and 1460?
10
What is the greatest common divisor of 460498 and 386?
386
What is the greatest common divisor of 845272 and 498?
166
Calculate the greatest common divisor of 11626345 and 53.
53
What is the highest common factor of 2544 and 1622118?
318
Calculate the greatest common divisor of 1 and 5281.
1
What is the highest common divisor of 320 and 36130?
10
What is the greatest common divisor of 7167796 and 1048?
524
What is the highest common divisor of 5 and 419735?
5
Calculate the greatest common divisor of 116 and 596.
4
Calculate the highest common factor of 338 and 194519.
169
What is the greatest common factor of 174 and 40107?
87
Calculate the highest common factor of 388437 and 21.
21
What is the highest common divisor of 103 and 456599?
103
What is the greatest common factor of 30897 and 1053?
9
Calculate the greatest common factor of 29602 and 1148.
82
Calculate the highest common divisor of 283 and 6797377.
283
Calculate the highest common divisor of 468 and 576654.
78
What is the greatest common factor of 102 and 4062?
6
Calculate the greatest common factor of 4500 and 1540125.
1125
Calculate the highest common divisor of 200 and 18945.
5
What is the highest common factor of 230 and 156860?
230
Calculate the greatest common divisor of 622 and 1298114.
622
What is the greatest common divisor of 264 and 1832919?
33
Calculate the greatest common factor of 47 and 2155843.
47
Calculate the highest common factor of 147532 and 924.
308
Calculate the highest common factor of 35 and 125797.
7
Calculate the highest common divisor of 286 and 6396.
26
What is the greatest common factor of 5324 and 6424?
44
What is the greatest common factor of 6036 and 36?
12
Calculate the highest common factor of 1613893 and 1348.
337
What is the greatest common factor of 1183 and 32851?
91
Calculate the greatest common divisor of 50465 and 5.
5
Calculate the greatest common factor of 37220 and 30.
10
Calculate the greatest common divisor of 108 and 344502.
18
What is the greatest common divisor of 38137 and 88?
11
What is the greatest common factor of 1588 and 36127?
397
What is the greatest common divisor of 5920 and 9805?
185
Calculate the highest common factor of 3174 and 276.
138
What is the greatest common divisor of 104 and 12280?
8
What is the highest common divisor of 4342 and 10688?
334
What is the greatest common divisor of 3251014 and 988?
494
What is the highest common divisor of 72912 and 3968?
496
Calculate the greatest common factor of 17375 and 32425.
25
What is the highest common factor of 220 and 8356150?
110
What is the highest common factor of 13111 and 7?
7
Calculate the highest common divisor of 4872 and 98.
14
What is the greatest common divisor of 22345 and 327?
109
Calculate the greatest common divisor of 232 and 69194.
58
Calculate the highest common factor of 2369 and 515.
103
Calculate the greatest common divisor of 40921 and 17344.
271
What is the greatest common factor of 1827 and 5075?
203
What is the greatest common factor of 55 and 119339?
11
Calculate the greatest common divisor of 1664 and 45396.
52
Calculate the greatest common divisor of 46315 and 471.
157
Calculate the greatest common factor of 13065 and 523605.
1005
What is the highest common factor of 612 and 1139?
17
What is the highest common factor of 164 and 259776?
164
Calculate the highest common divisor of 475724 and 1.
1
What is the highest common factor of 276 and 9476?
92
What is the greatest common divisor of 9071 and 47?
47
What is the highest common factor of 70 and 1754515?
35
Calculate the highest common factor of 23452 and 26.
26
Calculate the greatest common divisor of 264 and 303732.
132
What is the highest common divisor of 299483 and 3335?
667
Calculate the highest common divisor of 110 and 10417.
11
What is the greatest common divisor of 40108 and 2981?
271
What is the greatest common factor of 483 and 4669?
161
Calculate the greatest common fact